{"id":1943,"date":"2024-04-23T12:49:51","date_gmt":"2024-04-23T10:49:51","guid":{"rendered":"https:\/\/clubphotomontargis.fr\/?page_id=1943"},"modified":"2024-04-23T12:49:51","modified_gmt":"2024-04-23T10:49:51","slug":"statuts-du-club","status":"publish","type":"page","link":"https:\/\/clubphotomontargis.fr\/?page_id=1943","title":{"rendered":"Statuts du club"},"content":{"rendered":"<style>.kb-row-layout-id1943_1e8278-d6 > .kt-row-column-wrap{align-content:start;}:where(.kb-row-layout-id1943_1e8278-d6 > .kt-row-column-wrap) > .wp-block-kadence-column{justify-content:start;}.kb-row-layout-id1943_1e8278-d6 > .kt-row-column-wrap{column-gap:var(--global-kb-gap-md, 2rem);row-gap:var(--global-kb-gap-md, 2rem);padding-top:var(--global-kb-spacing-sm, 1.5rem);padding-bottom:var(--global-kb-spacing-sm, 1.5rem);grid-template-columns:minmax(0, 1fr);}.kb-row-layout-id1943_1e8278-d6 > .kt-row-layout-overlay{opacity:0.30;}@media all and (max-width: 1024px){.kb-row-layout-id1943_1e8278-d6 > .kt-row-column-wrap{grid-template-columns:minmax(0, 1fr);}}@media all and (max-width: 767px){.kb-row-layout-id1943_1e8278-d6 > .kt-row-column-wrap{grid-template-columns:minmax(0, 1fr);}}<\/style><div class=\"kb-row-layout-wrap kb-row-layout-id1943_1e8278-d6 alignnone wp-block-kadence-rowlayout\"><div class=\"kt-row-column-wrap kt-has-1-columns kt-row-layout-equal kt-tab-layout-inherit kt-mobile-layout-row kt-row-valign-top\">\n<style>.kadence-column1943_ebb20d-4d > .kt-inside-inner-col,.kadence-column1943_ebb20d-4d > .kt-inside-inner-col:before{border-top-left-radius:0px;border-top-right-radius:0px;border-bottom-right-radius:0px;border-bottom-left-radius:0px;}.kadence-column1943_ebb20d-4d > .kt-inside-inner-col{column-gap:var(--global-kb-gap-sm, 1rem);}.kadence-column1943_ebb20d-4d > .kt-inside-inner-col{flex-direction:column;}.kadence-column1943_ebb20d-4d > .kt-inside-inner-col > .aligncenter{width:100%;}.kadence-column1943_ebb20d-4d > .kt-inside-inner-col:before{opacity:0.3;}.kadence-column1943_ebb20d-4d{position:relative;}@media all and (max-width: 1024px){.kadence-column1943_ebb20d-4d > .kt-inside-inner-col{flex-direction:column;justify-content:center;}}@media all and (max-width: 767px){.kadence-column1943_ebb20d-4d > .kt-inside-inner-col{flex-direction:column;justify-content:center;}}<\/style>\n<div class=\"wp-block-kadence-column kadence-column1943_ebb20d-4d\"><div class=\"kt-inside-inner-col\">\n<p class=\"has-text-align-center has-kb-palette-1-color has-theme-palette-8-background-color has-text-color has-background has-link-color has-medium-font-size wp-elements-b0d10b7d3e3eba00bf44c907768f26ed\"><strong>Statuts du club<\/strong><\/p>\n<\/div><\/div>\n\n<\/div><\/div>\n\n\n<p><strong>STATUTS de l&rsquo;association \u00ab\u00a0Photo-Club de Montargis\u00a0\u00bb<\/strong><\/p>\n\n\n\n<p>ARTICLE PREMIER -CONSTITUTION ET D\u00c9NOMINATION<\/p>\n\n\n\n<p>Il est constitu\u00e9 entre les adh\u00e9rents aux pr\u00e9sents statuts une association r\u00e9gie par la loi du 1er juillet 1901 et le d\u00e9cret du 16 ao\u00fbt 1901 ayant pour d\u00e9signation: <strong>Photo-Club de Montargis.<\/strong><\/p>\n\n\n\n<p>ARTICLE 2 \u2013 BUTS<\/p>\n\n\n\n<p>Cette association a pour but le d\u00e9veloppement de la technique et de l&rsquo;art photographique.<\/p>\n\n\n\n<p>Les membres de l&rsquo;association dans le cadre de leurs activit\u00e9s au sein du Photo-club, ne poursuivent aucun but lucratif et s&rsquo;interdisent toute activit\u00e9 politique ou confessionnelle.<\/p>\n\n\n\n<p>ARTICLE 3- SI\u00c8GE SOCIAL<\/p>\n\n\n\n<p>Le si\u00e8ge social est fix\u00e9 \u00e0 MONTARGIS 45200, 32 avenue L-M. Chautemps (centre Nelson Mandela).<\/p>\n\n\n\n<p>Il pourra \u00eatre transf\u00e9r\u00e9 sur simple d\u00e9cision du bureau et l\u2019assembl\u00e9e g\u00e9n\u00e9rale en sera inform\u00e9e.<\/p>\n\n\n\n<p>ARTICLE 4 \u2013DUR\u00c9E DE L\u2019ASSOCIATION<\/p>\n\n\n\n<p>La dur\u00e9e de l&rsquo;association est illimit\u00e9e.<\/p>\n\n\n\n<p>ARTICLE 5- ADMISSION ET ADH\u00c9SION<\/p>\n\n\n\n<p>L&rsquo;association se compose de membres adh\u00e9rents, personnes morales ou personnes physiques en accord avec l&rsquo;objet de l&rsquo;association et \u00e0 jour de leur cotisation annuelle.<\/p>\n\n\n\n<p>L\u2019assembl\u00e9e G\u00e9n\u00e9rale pourra, sur avis motiv\u00e9, refuser des adh\u00e9sions.<\/p>\n\n\n\n<p>ARTICLE 6- COMPOSITION DE L\u2019ASSOCIATION<\/p>\n\n\n\n<p>L\u2019association se compose:<\/p>\n\n\n\n<ul class=\"wp-block-list\">\n<li>de membres actifs. Sont membres actifs celles et ceux qui adh\u00e8rent aux pr\u00e9sents statuts, qui sont \u00e0 jour de leur cotisation annuelle et qui participent r\u00e9guli\u00e8rement aux activit\u00e9s de l\u2019association.<\/li>\n\n\n\n<li>de membres r\u00e9f\u00e9rents qui sont des membres actifs dont l&rsquo;anciennet\u00e9 au sein du club et les comp\u00e9tences en techniques photographiques sont reconnues et qui animent et encadrent les activit\u00e9s du club.<br>Les membres r\u00e9f\u00e9rents sont nomm\u00e9s par le conseil d&rsquo;administration.<\/li>\n\n\n\n<li>de membres d&rsquo;honneur recrut\u00e9s exclusivement parmi les personnes ayant rendu des services exceptionnels \u00e0 l&rsquo;association.<br>Les membres d&rsquo;honneur ne sont astreints \u00e0 aucune cotisation.<\/li>\n<\/ul>\n\n\n\n<p>Tous les membres ont le droit de vote en assembl\u00e9e g\u00e9n\u00e9rale et peuvent \u00eatre \u00e9lus aux instances dirigeantes de l\u2019association.<\/p>\n\n\n\n<p>L&rsquo;adh\u00e9sion des membres actifs et des membres d&rsquo;honneur est soumise \u00e0 l&rsquo;agr\u00e9ment du Conseil d&rsquo;Administration.<\/p>\n\n\n\n<p>ARTICLE 7\u2013 PERTE DE LA QUALITE DE MEMBRE<\/p>\n\n\n\n<p>La qualit\u00e9 de membre se perd par:<\/p>\n\n\n\n<p>a) la d\u00e9mission<\/p>\n\n\n\n<p>b) le non renouvellement de la cotisation pour les membres actifs, apr\u00e8s mise en demeure.<\/p>\n\n\n\n<p>c) le d\u00e9c\u00e8s<\/p>\n\n\n\n<p>d) la radiation prononc\u00e9e par le Conseil d\u2019Administration, pour motifs graves, en raison d&rsquo;initiative(s) contraire(s) aux statuts de l&rsquo;association et\/ou \u00e0 ses int\u00e9r\u00eats; l\u2019int\u00e9ress\u00e9 ayant pr\u00e9alablement \u00e9t\u00e9 auditionn\u00e9 par le CA.<\/p>\n\n\n\n<p>ARTICLE 8 \u2013 LES FINANCES DE L\u2019ASSOCIATION<\/p>\n\n\n\n<p>Les ressources de l&rsquo;association se composent :<\/p>\n\n\n\n<p>1. du montant des cotisations.<\/p>\n\n\n\n<p>2. de subventions \u00e9ventuelles.<\/p>\n\n\n\n<p>3. de dons manuels.<\/p>\n\n\n\n<p>4. De toutes les ressources autoris\u00e9es par les lois et r\u00e8glements en vigueur.<\/p>\n\n\n\n<p>Les frais occasionn\u00e9s par l\u2019accomplissement du mandat des membres du Bureau peuvent \u00eatre rembours\u00e9s apr\u00e8s fourniture de pi\u00e8ces justificatives. C\u2019est l\u2019assembl\u00e9e g\u00e9n\u00e9rale qui fixe les bar\u00e8mes de remboursement.<\/p>\n\n\n\n<p>Ces frais ne peuvent \u00eatre engag\u00e9s que sur accord du CA. ,&nbsp; ils sont int\u00e9gr\u00e9s \u00e0 la comptabilit\u00e9 et apparaissent dans le bilan financier.<\/p>\n\n\n\n<p>ARTICLE 9: ASSEMBL\u00c9E GENERALE ORDINAIRE<\/p>\n\n\n\n<p>\u00b7Composition: l\u2019assembl\u00e9e g\u00e9n\u00e9rale comprend tous les membres actifs de l\u2019association \u00e0 jour de leur cotisation ainsi que les membres d&rsquo;honneur.<\/p>\n\n\n\n<p>D\u2019autres personnes peuvent \u00eatre invit\u00e9es mais sans voix d\u00e9lib\u00e9rative.<\/p>\n\n\n\n<p>\u00b7 Electeurs: tout membre adh\u00e9rant \u00e0 l\u2019association est autoris\u00e9 \u00e0 voter.<\/p>\n\n\n\n<p>\u00b7 Modalit\u00e9s pratiques:<\/p>\n\n\n\n<p>&#8211; L\u2019Assembl\u00e9e g\u00e9n\u00e9rale se r\u00e9unit une fois par an.<\/p>\n\n\n\n<p>&#8211; L\u2019assembl\u00e9e g\u00e9n\u00e9rale ordinaire est convoqu\u00e9e par le-la pr\u00e9sident-e \u00e0 la demande du Bureau de l\u2019association ou \u00e0 la demande au moins du quart des adh\u00e9rents.<\/p>\n\n\n\n<p>&#8211; Quinze jours au moins avant la date fix\u00e9e, les membres de l\u2019association sont convoqu\u00e9s par courrier \u00e9lectronique et l\u2019ordre du jour est inscrit sur les convocations.<\/p>\n\n\n\n<p>\u00b7 R\u00f4le:<\/p>\n\n\n\n<p>&#8211; L\u2019assembl\u00e9e est pr\u00e9sid\u00e9e par le-la pr\u00e9sident-e en exercice, assist\u00e9-e des membres du bureau.<\/p>\n\n\n\n<p>&#8211; L\u2019assembl\u00e9e apr\u00e8s avoir d\u00e9lib\u00e9r\u00e9 se prononce sur le bilan des activit\u00e9s de l&rsquo;association, dans un d\u00e9lai de 6 mois apr\u00e8s la cl\u00f4ture des comptes, au vu du rapport de gestion \u00e9tabli par le tr\u00e9sorier et sur la situation g\u00e9n\u00e9rale de l&rsquo;association expos\u00e9e par le pr\u00e9sident et plus g\u00e9n\u00e9ralement sur toute question soumise \u00e0 l\u2019ordre du jour.<\/p>\n\n\n\n<p>&#8211; L\u2019assembl\u00e9e g\u00e9n\u00e9rale d\u00e9lib\u00e8re sur les orientations \u00e0 venir et se prononce sur le budget correspondant.<\/p>\n\n\n\n<p>&#8211; L&rsquo;AG se prononce sur le montant de la cotisation annuelle et des divers tarifs d\u2019activit\u00e9s.<\/p>\n\n\n\n<p>&#8211; Elle pourvoit \u00e0 l\u2019\u00e9lection ou au renouvellement des membres du Conseil d&rsquo;Administration.<\/p>\n\n\n\n<p>\u00b7 Fonctionnement:<\/p>\n\n\n\n<p>&#8211; Les d\u00e9cisions de l\u2019assembl\u00e9e g\u00e9n\u00e9rale sont prises \u00e0 la majorit\u00e9 des membres pr\u00e9sents ou repr\u00e9sent\u00e9s.<\/p>\n\n\n\n<p>&#8211; Les d\u00e9cisions prises engagent tous les adh\u00e9rents y compris les absents.<\/p>\n\n\n\n<p>&#8211; L&rsquo;association est g\u00e9r\u00e9e et administr\u00e9e par l&rsquo;ensemble de ses adh\u00e9rents<\/p>\n\n\n\n<p>regroup\u00e9s en assembl\u00e9e g\u00e9n\u00e9rale, organe souverain, seul habilit\u00e9 \u00e0 prendre les d\u00e9cisions relatives \u00e0 la vie de l&rsquo;association.<\/p>\n\n\n\n<p>&#8211; Afin de garantir le fonctionnement d\u00e9mocratique de l\u2019association, les<\/p>\n\n\n\n<p>d\u00e9lib\u00e9rations sont constat\u00e9es par proc\u00e8s-verbaux sign\u00e9s de deux personnes du bureau, approuv\u00e9s par l\u2019AG en s\u00e9ance, et publi\u00e9es sur le site de l\u2019association.<\/p>\n\n\n\n<p>&#8211; Une assembl\u00e9e ordinaire peut se r\u00e9unir en cas de n\u00e9cessit\u00e9 ou d&rsquo;urgence sur initiative du bureau de l&rsquo;association.<\/p>\n\n\n\n<p>ARTICLE 10- ASSEMBL\u00c9E GENERALE EXTRAORDINAIRE<\/p>\n\n\n\n<p>-L&rsquo;assembl\u00e9e g\u00e9n\u00e9rale a un caract\u00e8re extraordinaire lorsqu&rsquo;elle statue sur les modifications des statuts, la dissolution ou l&rsquo;attribution des biens de l&rsquo;association.<\/p>\n\n\n\n<p>&#8211; Elle est convoqu\u00e9e \u00e0 l\u2019initiative du- de la pr\u00e9sident-e, les modalit\u00e9s de convocations sont identiques \u00e0 celle de l\u2019assembl\u00e9e g\u00e9n\u00e9rale ordinaire.<\/p>\n\n\n\n<p>&#8211; Les statuts de l&rsquo;association ne peuvent \u00eatre modifi\u00e9s qu&rsquo;\u00e0 la double condition:<br>&nbsp;&nbsp;&nbsp; &gt; Que les membres votants repr\u00e9sentent la majorit\u00e9 des membres de l&rsquo;association (Quorum)<br>&nbsp;&nbsp;&nbsp; &gt; Que la proposition soit approuv\u00e9e par les deux tiers des votants.<br>Si ces conditions ne sont pas r\u00e9unies, une nouvelle assembl\u00e9e g\u00e9n\u00e9rale extraordinaire sera convoqu\u00e9e dans les trois mois. Les d\u00e9cisions pourront alors \u00eatre prises sans quorum et \u00e0 la majorit\u00e9 simple.<\/p>\n\n\n\n<p>ARTICLE 11 : ACTION EN JUSTICE<\/p>\n\n\n\n<p>L\u2019association se r\u00e9serve la possibilit\u00e9 d&rsquo;agir en justice pour d\u00e9fendre toute cause conforme \u00e0 son objet et ses statuts. Elle pourra \u00eatre repr\u00e9sent\u00e9e en justice par un de ses membres d\u00e9sign\u00e9 par l&rsquo;assembl\u00e9e ordinaire en cas d\u2019emp\u00eachement du pr\u00e9sident.<\/p>\n\n\n\n<p>ARTICLE 12 : LE BUREAU<\/p>\n\n\n\n<p>Le Conseil d&rsquo;Administration \u00e9lit un bureau compos\u00e9 de :<\/p>\n\n\n\n<p>1) Un-e pr\u00e9sident-e : repr\u00e9sentant l\u00e9gal de l\u2019association, il-elle la repr\u00e9sente en justice et dans tous les actes de la vie civile. Il-elle anime l\u2019association, coordonne les activit\u00e9s, dirige l\u2019administration de l\u2019association, pr\u00e9side l\u2019assembl\u00e9e g\u00e9n\u00e9rale.<\/p>\n\n\n\n<p>2) Un-e ou plusieurs vice-pr\u00e9sident-e-s : remplace-ent le-la pr\u00e9sident-e en cas d\u2019emp\u00eachement de ce-cette dernier-e<\/p>\n\n\n\n<p>3) Un-e secr\u00e9taire et s&rsquo;il y a lieu, assist\u00e9-e d&rsquo;un-e secr\u00e9taire adjoint-e : assure la correspondance de l\u2019association, tient \u00e0 jour les fichiers des adh\u00e9rents, archive les documents importants. Il-elle \u00e9tablit les comptes-rendus des r\u00e9unions.<\/p>\n\n\n\n<p>4) Un-e tr\u00e9sorier-e et si besoin assist\u00e9-e d&rsquo;un-e tr\u00e9sorier-e adjoint-e : a pour mission de g\u00e9rer les finances et de tenir la comptabilit\u00e9 de l\u2019association. Il-elle propose le budget, suit les comptes de r\u00e9sultat et pr\u00e9pare le bilan en fin d\u2019exercice.<\/p>\n\n\n\n<p>5) De toute autre personne titulaire d\u2019une mission ou d\u2019une fonction d\u2019organisation.<\/p>\n\n\n\n<p>Le Bureau de l\u2019association a pour objet de mettre en \u0153uvre les d\u00e9cisions de l\u2019assembl\u00e9e g\u00e9n\u00e9rale, d\u2019organiser et d\u2019animer la vie de l\u2019association dans le cadre fix\u00e9 par les statuts.<\/p>\n\n\n\n<p>Le bureau se r\u00e9unit au moins 4 fois par an, sur convocation du-de la pr\u00e9sident-e, ou sur la demande du quart de ses membres. La pr\u00e9sence de la moiti\u00e9 des membres est n\u00e9cessaire pour que le bureau puisse d\u00e9lib\u00e9rer valablement.<\/p>\n\n\n\n<p>Les d\u00e9cisions sont prises \u00e0 la majorit\u00e9 des voix. En cas de partage, la voix du pr\u00e9sident est pr\u00e9pond\u00e9rante.<\/p>\n\n\n\n<p>ARTICLE -13 : R\u00c8GLEMENT INT\u00c9RIEUR<\/p>\n\n\n\n<p>Un r\u00e8glement int\u00e9rieur peut \u00eatre \u00e9tabli par le bureau qui le fait alors ratifier par l&rsquo;assembl\u00e9e g\u00e9n\u00e9rale.<\/p>\n\n\n\n<p>ARTICLE-14 : DISSOLUTION<\/p>\n\n\n\n<p>En cas de dissolution, l\u2019assembl\u00e9e g\u00e9n\u00e9rale se prononcera sur la d\u00e9volution des biens de l&rsquo;association qui ne pourront \u00eatre allou\u00e9s qu&rsquo;\u00e0 des entit\u00e9s ne poursuivant aucun but lucratif.<\/p>\n\n\n\n<p>Elle nommera un ou plusieurs liquidateurs charg\u00e9s de la liquidation des biens.<\/p>\n\n\n\n<p>Fait \u00e0 Montargis le 5\/02\/2022<\/p>\n\n\n\n<p>\u00a0\u00a0\u00a0\u00a0\u00a0\u00a0\u00a0\u00a0\u00a0\u00a0\u00a0\u00a0\u00a0\u00a0\u00a0\u00a0\u00a0\u00a0\u00a0\u00a0\u00a0\u00a0\u00a0 \u00a0\u00a0\u00a0\u00a0\u00a0\u00a0\u00a0\u00a0\u00a0\u00a0\u00a0\u00a0\u00a0\u00a0\u00a0\u00a0\u00a0\u00a0\u00a0\u00a0\u00a0\u00a0\u00a0\u00a0\u00a0\u00a0\u00a0\u00a0\u00a0\u00a0\u00a0\u00a0\u00a0\u00a0\u00a0\u00a0\u00a0\u00a0\u00a0\u00a0\u00a0\u00a0\u00a0\u00a0\u00a0\u00a0\u00a0\u00a0\u00a0\u00a0\u00a0\u00a0\u00a0\u00a0\u00a0\u00a0\u00a0\u00a0\u00a0\u00a0\u00a0\u00a0\u00a0\u00a0<\/p>\n\n\n\n<p>MODIFICATIONS<\/p>\n\n\n\n<ul class=\"wp-block-list\">\n<li>\u00a0Si\u00e8ge social et composition de l&rsquo;association ont \u00e9t\u00e9 modifi\u00e9s en AG les 10\/01\/1997 et 15\/02\/2007.<\/li>\n\n\n\n<li>Refonte des statuts et cr\u00e9ation d&rsquo;un r\u00e9glement int\u00e9rieur vot\u00e9s en AG le 5\/02\/2022<\/li>\n<\/ul>\n","protected":false},"excerpt":{"rendered":"<p>Statuts du club STATUTS de l&rsquo;association \u00ab\u00a0Photo-Club de Montargis\u00a0\u00bb ARTICLE PREMIER -CONSTITUTION ET D\u00c9NOMINATION Il est constitu\u00e9 entre les adh\u00e9rents aux pr\u00e9sents statuts une association r\u00e9gie par la loi du 1er juillet 1901 et le d\u00e9cret du 16 ao\u00fbt 1901 ayant pour d\u00e9signation: Photo-Club de Montargis. ARTICLE 2 \u2013 BUTS Cette association a pour but&#8230;<\/p>\n","protected":false},"author":1,"featured_media":0,"parent":0,"menu_order":0,"comment_status":"closed","ping_status":"closed","template":"","meta":{"_kad_post_transparent":"","_kad_post_title":"","_kad_post_layout":"","_kad_post_sidebar_id":"","_kad_post_content_style":"","_kad_post_vertical_padding":"","_kad_post_feature":"","_kad_post_feature_position":"","_kad_post_header":false,"_kad_post_footer":false,"_kad_post_classname":"","footnotes":""},"class_list":["post-1943","page","type-page","status-publish","hentry"],"_links":{"self":[{"href":"https:\/\/clubphotomontargis.fr\/index.php?rest_route=\/wp\/v2\/pages\/1943","targetHints":{"allow":["GET"]}}],"collection":[{"href":"https:\/\/clubphotomontargis.fr\/index.php?rest_route=\/wp\/v2\/pages"}],"about":[{"href":"https:\/\/clubphotomontargis.fr\/index.php?rest_route=\/wp\/v2\/types\/page"}],"author":[{"embeddable":true,"href":"https:\/\/clubphotomontargis.fr\/index.php?rest_route=\/wp\/v2\/users\/1"}],"replies":[{"embeddable":true,"href":"https:\/\/clubphotomontargis.fr\/index.php?rest_route=%2Fwp%2Fv2%2Fcomments&post=1943"}],"version-history":[{"count":1,"href":"https:\/\/clubphotomontargis.fr\/index.php?rest_route=\/wp\/v2\/pages\/1943\/revisions"}],"predecessor-version":[{"id":1944,"href":"https:\/\/clubphotomontargis.fr\/index.php?rest_route=\/wp\/v2\/pages\/1943\/revisions\/1944"}],"wp:attachment":[{"href":"https:\/\/clubphotomontargis.fr\/index.php?rest_route=%2Fwp%2Fv2%2Fmedia&parent=1943"}],"curies":[{"name":"wp","href":"https:\/\/api.w.org\/{rel}","templated":true}]}}